{"id":116,"date":"2025-01-26T15:08:54","date_gmt":"2025-01-26T15:08:54","guid":{"rendered":"https:\/\/listing.adforestwp.com\/?page_id=116"},"modified":"2025-01-26T15:08:54","modified_gmt":"2025-01-26T15:08:54","slug":"sign-up","status":"publish","type":"page","link":"https:\/\/www.reparass.com\/index.php\/sign-up\/","title":{"rendered":"Sign Up"},"content":{"rendered":"\t\t<div data-elementor-type=\"wp-page\" data-elementor-id=\"116\" class=\"elementor elementor-116\">\n\t\t\t\t<div class=\"elementor-element elementor-element-96b22cf e-con-full e-flex e-con e-parent\" data-id=\"96b22cf\" data-element_type=\"container\" data-e-type=\"container\">\n\t\t\t\t<div class=\"elementor-element elementor-element-8977605 elementor-widget elementor-widget-register_user_elementor\" data-id=\"8977605\" data-element_type=\"widget\" data-e-type=\"widget\" data-widget_type=\"register_user_elementor.default\">\n\t\t\t\t<div class=\"elementor-widget-container\">\n\t\t\t\t\t\r\n        <section class=\"adt-sign-up-section test\">\r\n            <div class=\"container adt-container\">\r\n                <div class=\"row\">\r\n                    <div class=\"col-lg-7 left-content\">\r\n                        <div class=\"adt-signup-left-content\">\r\n                            <img decoding=\"async\" src=\"https:\/\/listing.adforestwp.com\/wp-content\/uploads\/2025\/01\/Group-39100.png\" alt=\"login-img\">\r\n                            <h3>Sign Up To Your Account<\/h3>\r\n                            <p>Loreum siti dolor amuet to the quipment adiciping elit. Commod jigluis in the mancester eget list.\n<\/p>\r\n                            <a href=\"https:\/\/listing.adforestwp.com\/sign-in\/\"\r\n                               class=\"adt-theme-button-2\">Sign In<\/a>\r\n                        <\/div>\r\n                    <\/div>\r\n                    <div class=\"col-lg-5\">\r\n                        <div class=\"adt-signup-right-content\">\r\n                            <h4>Sign Up to your account<\/h4>\r\n                            <p>Eveniet nesciunt veniam ipsam eius consequatur accusantium illo maiores vel rem aspernatur.<\/p>\r\n                                                            <form id=\"adforest-signup-form\">\r\n                                    <div class=\"row\">\r\n                                        <div class=\"col-md-6 col-lg-6\">\r\n                                            <div class=\"field-box\">\r\n                                                <label for=\"sb_reg_name\">Nom \/ Nom d'entreprise<\/label>\r\n                                                <input type=\"text\" name=\"sb_reg_name\" id=\"sb_reg_name\"\r\n                                                       placeholder=\"Entrez votre nom\"\r\n                                                       data-parsley-required=\"true\"\r\n                                                       data-parsley-error-message=\"Veuillez saisir votre nom.\">\r\n                                            <\/div>\r\n                                        <\/div>\r\n                                                                                    <div class=\"col-md-6 col-lg-6\">\r\n                                                <div class=\"field-box\">\r\n                                                    <label\r\n                                                            for=\"sb_reg_contact\">Num\u00e9ro de contact<\/label>\r\n                                                    <input placeholder=\"+codepays\" class=\"form-control\" type=\"text\" name=\"sb_reg_contact\" data-parsley-required=\"true\" data-parsley-pattern=\"\/\\+[0-9]+$\/\" data-parsley-error-message=\"Le format doit \u00eatre: +code pays num\u00e9ro de t\u00e9l\u00e9phone\">                                                <\/div>\r\n                                            <\/div>\r\n                                                                                <div class=\"col-lg-12\">\r\n                                            <div class=\"field-box\">\r\n                                                <label for=\"sb_reg_email\">Email<\/label>\r\n                                                <input type=\"text\" name=\"sb_reg_email\" id=\"sb_reg_email\"\r\n                                                       placeholder=\"Entrez votre adresse E-mail\"\r\n                                                       data-parsley-required=\"true\"\r\n                                                       data-parsley-type=\"email\"\r\n                                                       data-parsley-error-message=\"Veuillez saisir une adresse de messagerie valide.\">\r\n                                            <\/div>\r\n                                        <\/div>\r\n                                        <div class=\"col-md-6 col-lg-6\">\r\n                                            <div class=\"field-box\">\r\n                                                <label for=\"sb_reg_password\">Mot de passe<\/label>\r\n                                                <span class=\"sb_show_pass\"><i class=\"fa fa-eye\" aria-hidden=\"true\"><\/i><\/span><input\r\n                                                        type=\"password\" name=\"sb_reg_password\" id=\"sb_reg_password\"\r\n                                                        placeholder=\"Votre mot de passe\"\r\n                                                        data-parsley-required=\"true\"\r\n                                                        data-parsley-error-message=\"Veuillez saisir votre mot de passe\">\r\n                                            <\/div>\r\n                                        <\/div>\r\n                                        <div class=\"col-md-6 col-lg-6\">\r\n                                            <div class=\"field-box\">\r\n                                                <label\r\n                                                        for=\"sb_reg_password_confirm\">Confirmer le mot de passe<\/label>\r\n                                                <span class=\"sb_show_pass2\"><i class=\"fa fa-eye\" aria-hidden=\"true\"><\/i><\/span><input\r\n                                                        type=\"password\" name=\"sb_reg_password_confirm\"\r\n                                                        id=\"sb_reg_password_confirm\"\r\n                                                        placeholder=\"Confirmer le mot de passe\"\r\n                                                        data-parsley-required=\"true\"\r\n                                                        data-parsley-error-message=\"Les mots de passe ne correspondent pas\"\r\n                                                        data-parsley-equalto=\"#sb_reg_password\">\r\n                                            <\/div>\r\n                                        <\/div>\r\n                                        <div class=\"col-lg-12\">\r\n                                            <div class=\"pretty p-default p-curve\" style=\"margin-right: 0 !important\">\r\n                                                <input type=\"checkbox\" id=\"minimal-checkbox-1\"\r\n                                                       name=\"minimal-checkbox-1\" data-parsley-required=\"true\"\r\n                                                       data-parsley-error-message=\"Veuillez accepter les Termes et Conditions.\"\/>\r\n                                                <div class=\"state\">\r\n                                                    <label for=\"minimal-checkbox-1\">\r\n                                                        J'accepte                                                    <\/label>\r\n                                                <\/div>\r\n                                            <\/div>\r\n                                            <a href=\"\"\r\n                                               target=\"_blank\" rel=\"noopener noreferrer\" class=\"terms-link\">\r\n                                                Terms&amp;Condition                                            <\/a>\r\n                                        <\/div>\r\n                                        <input type=\"hidden\" value=\"no\" name=\"is_captcha\" \/>                                        <div id=\"firebase-recaptcha\"><\/div>\r\n                                        <div class=\"col-lg-12\">\r\n                                            <div class=\"field-box\">\r\n                                                <button id=\"sb_register_submit\" type=\"submit\"\r\n                                                        class=\"adt-button-dark\">S'inscrire<\/button>\r\n                                                <button type=\"button\" id=\"sb_register_msg\" style=\"display: none;\"\r\n                                                        class=\"adt-button-dark\">En cours...<\/button>\r\n                                                <button type=\"button\" id=\"sb_register_redirect\" style=\"display: none;\"\r\n                                                        class=\"adt-button-dark\">Redirection...<\/button>\r\n                                            <\/div>\r\n                                            <div class=\"col-lg-12\">\r\n                                                                                                                                                                                            <\/div>\r\n                                            <div class=\"botm-question-text\">\r\n                                                <span>Avez-vous d\u00e9j\u00e0 un compte ?                                                     <a href=\"https:\/\/www.reparass.com\/index.php\/sign-in\/\">\r\n                                                        Se connecter                                                    <\/a>\r\n                                                <\/span>\r\n                                            <\/div>\r\n                                            <input type=\"hidden\" id=\"sb-register-token\"\r\n                                                   value=\"286559d112\"\/>\r\n                                            <input type=\"hidden\" id=\"get_action\"\r\n                                                   value=\"register\"\/>\r\n                                        <\/div>\r\n                                    <\/div>\r\n                                <\/form>\r\n                                                    <\/div>\r\n                    <\/div>\r\n                <\/div>\r\n            <\/div>\r\n        <\/section>\r\n\r\n        \t\t\t\t<\/div>\n\t\t\t\t<\/div>\n\t\t\t\t<\/div>\n\t\t\t\t<\/div>\n\t\t","protected":false},"excerpt":{"rendered":"<p>Sign Up To Your Account Loreum siti dolor amuet to the quipment adiciping elit. Commod jigluis in the mancester eget list. Sign In Sign Up to your account Eveniet nesciunt veniam ipsam eius consequatur accusantium illo maiores vel rem aspernatur. Name Contact Number Email Password Confirm Password I agree to Terms&amp;Condition Register Processing&#8230; Redirecting&#8230; Already [&hellip;]<\/p>\n","protected":false},"author":1,"featured_media":0,"parent":0,"menu_order":0,"comment_status":"closed","ping_status":"closed","template":"","meta":{"footnotes":""},"class_list":["post-116","page","type-page","status-publish","hentry"],"_links":{"self":[{"href":"https:\/\/www.reparass.com\/index.php\/wp-json\/wp\/v2\/pages\/116","targetHints":{"allow":["GET"]}}],"collection":[{"href":"https:\/\/www.reparass.com\/index.php\/wp-json\/wp\/v2\/pages"}],"about":[{"href":"https:\/\/www.reparass.com\/index.php\/wp-json\/wp\/v2\/types\/page"}],"author":[{"embeddable":true,"href":"https:\/\/www.reparass.com\/index.php\/wp-json\/wp\/v2\/users\/1"}],"replies":[{"embeddable":true,"href":"https:\/\/www.reparass.com\/index.php\/wp-json\/wp\/v2\/comments?post=116"}],"version-history":[{"count":0,"href":"https:\/\/www.reparass.com\/index.php\/wp-json\/wp\/v2\/pages\/116\/revisions"}],"wp:attachment":[{"href":"https:\/\/www.reparass.com\/index.php\/wp-json\/wp\/v2\/media?parent=116"}],"curies":[{"name":"wp","href":"https:\/\/api.w.org\/{rel}","templated":true}]}}